 the second derivative of k(c). Calculate h(5).
10
Let q(y) = 167*y + 6 - 335*y + 167*y. Give q(0).
6
Let z(g) = g**2 + 2 - 7 + 3 + 4. Determine z(0).
2
Suppose 0 = 4*z - 4*a + 28, a = -4*z - 12 - 16. Let i(w) = w**2 + 8*w + 6. Determine i(z).
-1
Let s(w) be the second derivative of -w**4/12 - 3*w**3/2 - 9*w**2/2 - 5*w. Determine s(-6).
9
Let s(a) be the second derivative of a**5/20 - 2*a. Let m(d) = 8*d**3. Let n(z) = z. Let r be n(6). Let t(f) = r*s(f) - m(f). What is t(-1)?
2
Let a = -2 - -4. Suppose a*l + 7 - 17 = 0. Suppose 4*d - l*w + 28 = 0, -d - 2*w = -1 - 5. Let h(f) = f + 1. Determine h(d).
-1
Suppose -14 = -g + 4*s, 0*s = -g + s + 8. Let l(n) = -n**3 + 5*n**2 + 4*n + 6. Give l(g).
-6
Let j be 32/20 - (-6)/15. Suppose 2*q + 4 = -z, -z + j*z - 2*q = 0. Let c(p) be the first derivative of -2*p**3/3 - p**2/2 - 2*p - 1. What is c(z)?
-8
Let d(c) = c**2 - 5*c - 3. Let g(y) = y**3 + y + 13. Let n be g(0). Let s = n + -9. Suppose 13 = s*i - 3. Calculate d(i).
-7
Let j(p) = 0*p - 63 - p + 59. What is j(5)?
-9
Let i(b) be the first derivative of b**3/3 - b**2 - 2*b + 34. Give i(2).
-2
Let b(y) = 1. Let z(c) = c - 3. Let l(q) = -5*b(q) + z(q). Determine l(6).
-2
Suppose 0 = -3*l - 0*l + 12. Let t(d) be the second derivative of -5/12*d**l + 0*d**3 + 0*d**2 + 0 - d. Determine t(-1).
-5
Let v(i) be the second derivative of -i**4/12 - i**3/6 - 11*i**2/2 - i. Suppose -3*a - 11 = s, 3*s + 6 = -a + 5*s. Let j = 4 + a. Give v(j).
-11
Let r(g) be the second derivative of -g**3/6 + 4*g**2 + 6*g. Give r(0).
8
Let k(t) = -t**3 + t**2 + t + 2. Let u(c) = 28*c. Let d be u(1). Suppose 4*g + d = -4*s + 12, s + 16 = -4*g. Give k(s).
2
Let f = 1 + -1. Let p(r) = r**2 + 18. Let j(z) = z**2 + 15. Let u(t) = -4*j(t) + 3*p(t). Calculate u(f).
-6
Suppose 0 = -2*b + 4 + 8. Let t(u) be the second derivative of u**5/20 - 7*u**4/12 + 5*u**3/6 + u**2 - 45*u. Calculate t(b).
-4
Let r(p) = -2*p - 828 + 828. Let x = -1 + 5. What is r(x)?
-8
Let m = 162961/120 + -1358. Let j(d) be the third derivative of 0*d**4 + 0*d + 0 - 1/30*d**5 - m*d**6 - 3*d**2 + 1/6*d**3. Calculate j(-3).
10
Let o be (-3)/12 - (-14)/(-8). Let g(u) = -3*u - u**2 - 3*u**2 + 2*u**2. Let f be g(o). Let d(r) = -2*r**2 - 2*r - 1. Give d(f).
-5
Let d(s) be the third derivative of -2*s**2 + 0 + 0*s - 1/60*s**5 + 1/6*s**4 - 5/6*s**3. What is d(5)?
-10
Suppose 7*r - 2*r = -5*z + 15, -3*r = -2*z + 21. Let k(t) = -t**3 + 7*t**2 - 8*t + 7. Calculate k(z).
-5
Let c(p) = -2*p - 3. Suppose 2*u = d + 7 - 15, 0 = -3*u + 5*d + 2. Let s = 4 + u. Calculate c(s).
1
Let a be (0 - 4/(-12))*0. Let g(p) = -p**3 - p - 1. What is g(a)?
-1
Let u(m) = m - 3. Let l be u(6). Let h = -3 + l. Suppose -3*w - 1 - 2 = h. Let n(g) = -5*g**3 - g - 1. Calculate n(w).
5
Suppose 6*y - 12 = 2*y. Suppose 0 = -4*h + h + 6. Let w(g) = -h*g - g**3 + 3*g + 0*g**3 - 4 + 2*g**2. What is w(y)?
-10
Let q(b) = -18*b - 4*b**2 + 36*b - 4 - 19*b - b**3. Give q(-5).
26
Let q(u) be the second derivative of 11*u**3/6 - u**2/2 - u. Let b be (3 - (-4)/(-1))*1. Determine q(b).
-12
Let z = -33 - -39. Let u(c) = c**3 - 5*c**2 - 7*c + 3. Give u(z).
-3
Let z be ((-2)/(-1))/((-4)/6). Let b = 5 + -2. Let l(y) = 2*y - y**b + 2*y + 1 - 5*y**2 + 3*y**2. Calculate l(z).
-2
Let s = -4 + 10. Let w(d) be the third derivative of -d**4/24 - 5*d**3/6 - 2*d**2. Determine w(s).
-11
Let f(b) be the third derivative of b**4/24 + 5*b**3/6 - 22*b**2. Determine f(-4).
1
Let a(x) = 2*x - 2*x - x + 1. Suppose z + 5*y - y - 21 = 0, -2*y = 2*z - 12. Let k be 0 - (-3 - (-6 - z)). Calculate a(k).
5
Let l(i) = -5*i**2 + 17*i + 3. Let f(y) = 3*y**2 - 11*y - 2. Let k(p) = -8*f(p) - 5*l(p). Let b be 6/(-4)*4 - -2. Calculate k(b).
5
Let h(g) = g. Let q(t) = 4*t - 13. Let s(y) = 2*h(y) - q(y). Give s(9).
-5
Let s = 8 + -4. Let d(f) = 1 + 3*f + 3 + 1 - f**2. Determine d(s).
1
Let t(f) = -f - 3. Let d(x) be the first derivative of x**2 + 5*x - 4. Let c(o) = o - 1. Let j be c(4). Let w(i) = j*d(i) + 5*t(i). Give w(-5).
-5
Let j(o) be the second derivative of 1/3*o**3 + 1/30*o**5 - 2*o + 1/120*o**6 + 0 - 1/12*o**4 - o**2. Let w(x) be the first derivative of j(x). Determine w(-3).
-1
Let w(h) = -h**2 - 16*h - 17. Let g be w(-15). Let x(n) = -n - 4. What is x(g)?
-2
Let a = -4/45 - -19/45. Let j(x) be the first derivative of 3 + 0*x**2 + 1/4*x**4 - a*x**3 + 6*x. Give j(0).
6
Let y(i) = 3*i - 2. Let j(a) = a**3 - 9*a**2 - 10*a + 4. Let z be j(10). Suppose -4*v + 2*b - 11 + 3 = 0, 2*v + 2*b + z = 0. What is y(v)?
-8
Let p(f) be the first derivative of -f**3/3 + f**2/2 - 13. What is p(-2)?
-6
Suppose -2*y - 6 = y. Let z(h) = -6*h - 3. Determine z(y).
9
Let c(g) = -3*g - 4. Suppose -2*n - 8 = -0*n. Determine c(n).
8
Let i(s) = -s**2 - 2*s + 3. Suppose 2*y + 8 = 4*y. Suppose -3*m - 4 = -5*f, -14 = -y*m + 2*f - 5*f. Calculate i(m).
-5
Let k(v) = -v**3 + 1. Let b(z) = 2*z**3 + 7*z**2 - 4*z - 3. Let m(h) = b(h) + 3*k(h). What is m(6)?
12
Suppose 0*m + 40 = 5*m. Suppose m = -4*z + 8*z. Let o be 2/7 + z/(-7). Let g(y) = y. What is g(o)?
0
Let g(k) = -2*k - 6. Let j be g(-3). Suppose -4*f + 2*f + 3*t + 8 = j, -5*t = 0. Let o(p) = p**3 - 5*p**2 + 5*p - 5. Calculate o(f).
-1
Let u = 13 - 9. Suppose 3*x = 3*k, k = -u*x + 3*k + 8. Let v = 7 - x. Let d(y) = -y**3 + 3*y**2 + 3*y - 3. Calculate d(v).
6
Let h(m) = -3*m**3 - 4*m**2. Let f(t) = 5*t**3 + 8*t**2 - t + 1. Let w(n) = 2*f(n) + 5*h(n). What is w(-2)?
30
Let u(r) = -r - 6. Let p be u(-9). Suppose 0*y + 6 = p*y. Let m(d) = -2*d**2 - d + 1. Determine m(y).
-9
Let l = 5 - 4. Let n be -2 + 1 + l + -2. Let c(b) = -1. Let m(f) = f**2 + 3*f - 2. Let j(s) = -3*c(s) + m(s). Give j(n).
-1
Let c(z) = -z. Let u = 9 - -1. Let b be u + -5 + 4/(-2). Suppose 4*y = 2*n + y + b, -5*n = -5*y. Calculate c(n).
-3
Let d = -1 + 1. Let j be d*(0 + (-1)/(-1)). Let c(n) = 0 + 4 + j - n. What is c(0)?
4
Let v be 2/(-8) + (-7)/4. Let h(l) = 6 - 3 - 4 + 0 - 5*l. What is h(v)?
9
Let a(s) = -s**3 + 7*s - 5*s**2 + 0*s**2 + 2 + 1. Calculate a(-6).
-3
Suppose 3*d = -2*z - 3*z + 21, -15 = -3*z - 3*d. Let v(c) be the first derivative of -c**3 + 1/4*c**4 + 0*c + 2 - c**2. What is v(z)?
-6
Let l(x) = -x**2 - x + 1. Let f(a) = -a**3 - 4*a**2 - 3*a + 4. Let p(i) = -f(i) + 3*l(i). Let w be (11 - (-3)/3)*-1. Let m = w - -11. What is p(m)?
-1
Let b(v) = 5*v**3 - 36*v**2 - v - 5. Let m(n) = -n**3 + 7*n**2 + 1. Let h(w) = 2*b(w) + 11*m(w). Let d be (-3 - -4)*(3 + 3 - 3). Calculate h(d).
13
Let o(k) be the first derivative of 3*k**2/2 - 3. What is o(3)?
9
Let a(c) be the third derivative of -c**6/120 + c**5/20 + c**4/8 + 5*c**3/6 + c**2. Suppose -2*d - 125 = 3*d. Let v be (-10)/d + 36/10. Calculate a(v).
1
Let m(k) = 4*k**2 - k - 2. Let o(u) = -23*u**2 + 5*u + 11. Let h(f) = -34*m(f) - 6*o(f). Let c be h(-4). Let s = c - 13. Let b(j) = j - 5. Calculate b(s).
0
Let o(i) be the second derivative of -i**5/20 + i**4/4 + i**3/6 + 5*i**2/2 - 2*i. Let l be ((-2)/(-6))/((-4)/(-48)). Determine o(l).
-7
Let o = -3 - -2. Let h(x) = -x + 9. Let f be h(7). Let r(q) = -3*q + 1 - 2 - f + 2. What is r(o)?
2
Let b(h) = 3*h**2 - 11*h**2 + 9*h**2 + 21. What is b(0)?
21
Let p(o) = o**2 + o + 1. Let a be (-3)/2*(-2)/3. Let w(i) = -i + 5. Let x be w(5). Suppose x*z + a = -z. Give p(z).
1
Let x(a) = -3*a**3 + 7*a**2 - 2*a - 20. Let b(y) = 2*y**3 - 5*y**2 + y + 13. Let r(t) = -8*b(t) - 5*x(t). Give r(5).
6
Let h(m) = 8*m + 1. Let i = 2 - 3. Determine h(i).
-7
Let x(l) be the first derivative of 2*l**3 + l + 10. What is x(-1)?
7
Let g be 7/(14/(-12))*-3. Suppose -5*r - 12 = g. Let b(s) = s + 2. What is b(r)?
-4
Let y(w) = -w - 3 - w**2 + 4*w**2 - 1 + w**3. Suppose 9 = 3*f - 5*v, -2*f = 3*f + 5*v - 15. Suppose -f*p - 10 = 2*p, -3*l = 5*p + 19. Determine y(l).
-1
Let w(v) = v**3 - 3*v**2 + v - 1. Let l be -28*(4 - 38/8). Let t = -19 + l. Calculate w(t).
-3
Let h(b) = -5*b - b**2 - 6 + 7 + 3. Let y(x) = -x**2 - 5*x + 5. Let a(q) = 7*h(q) - 6*y(q). What is a(-3)?
4
Let g(v) = 2*v**2 + v**3 + 4*v - 2*v - 5*v - 3. Suppose 2*p + d = -2*p - 10, -5*p - 3*d - 16 = 0. Calculate g(p).
3
Let r(z) = 2*z**3 + 5*z**2 + 2*z - 1. Let m be r(-3). Let h be 2/8 - 44/m. Let v(o) = -3*o + o**3 - 2*o**h - o**2 + 4*o + 3 + 2*o. Calculate v(-2).
1
Let h(y) = -y**3 + 5*y**2 + 7*y - 6. Suppose -28 = -3*t + 5*j, -2*j = -t - 4*j + 2. Determine h(t).
0
Let k